q = 229 - 136. Suppose n*v = -v + q. What is the tens digit of v?
3
Let f(q) = 24*q**3 - 17*q**2 + 56*q - 6. What is the tens digit of f(4)?
8
Let z(p) = 109*p - 208. What is the units digit of z(5)?
7
Let z(h) = -h**2 - 4*h. Let c be z(-2). Suppose -c*p - m + 21 + 16 = 0, 4*p - 31 = -3*m. What is the units digit of 1/(-5) + 82/p?
8
Suppose 0 = -2*s - 2*y + 872, 6*y + 8 = 2*y. What is the units digit of s?
8
Let l(s) = -168*s**3 - s**2 + s - 1. Let v be l(-2). Suppose 0 = -10*d + v + 1223. What is the hundreds digit of d?
2
Let o(p) = -3*p - 16. Let u(r) = -r**3 + 3*r**2 - 3*r + 2. Let i be u(2). Let h be o(i). What is the units digit of -2 - -1 - 96/h?
5
Let h be (2 - 1) + 420/12. What is the tens digit of (h*4 - 3) + 2?
4
Let a(j) = 3*j**2 - 21*j - 4. Let l be a(7). Let x(p) = 1 + 1 - p**2 - 3*p + 3. What is the units digit of x(l)?
1
Let t(x) = -208*x**3 - 3*x**2 - 2*x. Let v(j) = -209*j**3 - 4*j**2 - 3*j. Let i(m) = -4*t(m) + 3*v(m). What is the hundreds digit of i(1)?
2
Suppose -2*z - 10 - 410 = 0. Let k = 505 + z. What is the units digit of k?
5
What is the thousands digit of (-28998)/(-9) - 54/6?
3
Let b be 2*6/7 + 2/7. Suppose 5*l = -b*j - 0*j + 84, 2*j + 2*l = 78. What is the units digit of j?
7
Suppose 2*h = -4*g - 0*g + 690, 0 = -5*g + h + 880. Let m be g/28 - (-2)/(-8). Suppose m*b - 2*b = 120. What is the tens digit of b?
3
Suppose -2*b + 88 = 2*b. What is the units digit of ((-33)/b)/((-2)/4)?
3
Suppose 0 = 2*s + 5*s - 77. Suppose s*a - 810 = 1390. What is the tens digit of a?
0
Let p(u) = u**3 - 10*u**2 + 3*u + 12. Let s be p(10). Let o = 89 + s. What is the tens digit of o?
3
Suppose -3*a + 392 = 5*f, 5*a = -13 + 33. What is the tens digit of f?
7
Let v be (-4)/(-14) + (-4125)/105. Let c = 120 + v. What is the tens digit of c?
8
Let p = 11 + -12. Let w be -1 + 4 - (p - 1). What is the tens digit of (-252)/(-20) - 3/w?
1
Let d(p) = p**2 + 6*p - 7. Let i be d(-7). Let m be (-1 + i)/(2/(-26)). Let s = m + -6. What is the units digit of s?
7
Let s(g) be the first derivative of g**2/2 - g + 2. Suppose -4 = -2*x - 5*l + 20, 0 = -5*x - 3*l + 22. What is the units digit of s(x)?
1
Let o be (6/(-5))/((-17)/(-510)). Suppose -5*p - 6*j + 252 = -2*j, -4*p = 3*j - 202. Let r = p + o. What is the units digit of r?
6
Let m be -28*(20/8 - 3). What is the tens digit of (-6)/2*(-3 - m)?
5
Let q(d) = 4*d**3 - 3*d**2 + 8*d - 37. What is the units digit of q(8)?
3
Let d(j) = j - 8. Let c be d(14). Let u be (59 - 2)/(c/12). Let x = u - 62. What is the tens digit of x?
5
Let o(w) = 8*w**3 - 4*w**2 + 2*w + 2. What is the units digit of o(3)?
8
Let x(t) = 11 - 7 - 6*t + 9 + t**2 + 0*t**2. What is the units digit of x(8)?
9
Let w be (3/(-6))/((-1)/(-2)). Let u = -3 - -5. Let h = w + u. What is the units digit of h?
1
Let k(d) = 7*d - 11. Let w be k(-7). What is the units digit of ((-68)/6*1)/(8/w)?
5
Let m = 2465 - 865. What is the hundreds digit of m?
6
Let w(q) = 2*q - 4. Suppose -9 = -3*i, 4*a - 2*i = -0*i + 2. Suppose -t + a = -3. What is the units digit of w(t)?
6
Suppose -46 = -3*d - 5*w, -6*w - 32 = -2*d - 9*w. What is the tens digit of d?
2
Let f(k) = -2*k**2 - 3*k - 8. Let t be f(8). Let j = t + 242. What is the units digit of j?
2
Let f(p) = -42*p**2 - 23*p. Let r(d) = 7*d**2 + 4*d. Let j(x) = -6*f(x) - 34*r(x). Let u be j(-3). Suppose 8*l = 3*l + u. What is the units digit of l?
4
Let g = 466 + -245. What is the units digit of g?
1
Suppose 66*z - 59*z - 16597 = 0. What is the hundreds digit of z?
3
Let s(g) = 3*g**2 + 5. Suppose p - 3 = 3*b - 0, -3*p = -b - 17. Let d be (4/p)/((-4)/(-18)). What is the units digit of s(d)?
2
Let p(g) = -43*g + 118. What is the hundreds digit of p(-7)?
4
Let n(o) = -61 + 0*o - 3*o - 7*o**2 + 8*o**2 + 165. What is the tens digit of n(0)?
0
Let f = -3882 - -6134. What is the units digit of f?
2
Let w(b) = b**2 + 14*b + 23. Let v be (-3 - 22 - -5) + 3. What is the units digit of w(v)?
4
Let f(i) be the second derivative of -i**3/6 - i**2 - 11*i. What is the units digit of f(-6)?
4
Let l = 145 + -98. What is the tens digit of l?
4
Suppose 4*w - 6*c + c = -416, 0 = -3*c + 12. Let h = -71 - w. What is the tens digit of h?
2
Suppose -m = -21 - 9. Suppose 0 = 28*y - m*y + 350. What is the hundreds digit of y?
1
What is the thousands digit of (-7 - -5)*61/4*-74?
2
Suppose 7*l - 11*l = 0. Let o(y) = -y - 4 - y + 29 + l*y. What is the units digit of o(12)?
1
Let p be (119/(-21))/(2/(-12)). Let u = 14 - p. What is the units digit of u/50 - 172/(-5)?
4
Let c = -277 - -1511. What is the thousands digit of c?
1
Let z(x) = -x**3 + 10*x**2 - 9*x + 9. Let s be z(9). Suppose -k + f = -s, f + 17 = 5*k - 8. What is the units digit of k?
4
Suppose 579 = 2*p - 2*j - 135, 0 = -4*p - 4*j + 1436. Suppose -p = -7*f + 111. What is the tens digit of f?
6
Suppose -4*d + 94 = -6. Suppose 99 = 2*f - d. What is the tens digit of f?
6
What is the units digit of (-154)/56*(-396)/1?
9
What is the tens digit of 48/30 + (-51144)/(-10)?
1
Let j(l) = l**3 + 11*l**2 - 14*l - 7. Suppose 3*n - 5*n + 12 = 2*r, -5*r + 12 = -4*n. Suppose -24 = n*m - 0*m. What is the units digit of j(m)?
7
Let s = -1147 + 1825. What is the units digit of s?
8
Suppose 0 = -4*i - 2*g + 10350, -131*i - g + 12936 = -126*i. What is the thousands digit of i?
2
What is the thousands digit of (-18523024)/(-3344) - (1 + (-18)/22)?
5
Let b(p) = -p + 11. Let u be b(-8). Let f(j) = -9*j + 0*j**3 - u - j**3 - 6*j + 16*j**2 + 4*j. What is the units digit of f(15)?
1
Let c(d) be the first derivative of -d**3/3 - 5*d**2/2 - 2*d + 5. Let m be c(-5). What is the tens digit of (m/4)/((-2)/104)?
2
Suppose 0 = 41*u - 149 - 4033. What is the hundreds digit of u?
1
Suppose 17*j = 9*j + 4448. What is the tens digit of j?
5
Let k(r) = r**2 - 5*r - 10. Let d be k(6). What is the tens digit of (51 + -29)*((-14)/d - -1)?
9
Let l(w) = w**3 - 3*w**2 - 7*w - 7. Let g be l(7). Suppose -5*c + 244 = 3*f, -3*f + g = 3*c + 2*f. What is the units digit of c?
0
Suppose -4*o = -35 - 77. Let j = o + -17. What is the tens digit of j?
1
Let d(l) = -47*l + 3. Suppose 0 = 6*p + 27 - 9. What is the units digit of d(p)?
4
Suppose 6*s + 44 = 236. Suppose -c + 3*c = s. What is the units digit of c?
6
Let k(v) be the first derivative of -9/2*v**2 + 6*v - 1/3*v**3 - 11. What is the tens digit of k(-6)?
2
What is the units digit of 1*(2 - 1180/(-4))?
7
Suppose -2*s + 7*g - 2*g + 408 = 0, 3*g = -s + 193. Suppose 5*i - 2 = 4*i. Suppose i*h + 79 = s. What is the units digit of h?
0
Let y = 106 + 102. What is the hundreds digit of y?
2
Suppose -17*b + 3132 = -11*b. What is the hundreds digit of b?
5
Let d(j) = -2*j**2 - j + 17. Let r be d(-7). What is the units digit of 2*(-4)/(-8) - 4*r?
7
What is the tens digit of -5*4146/(-30)*2*2?
6
Let u(r) = 31*r**2 - r. Let j = -11 + 10. What is the units digit of u(j)?
2
Let m(g) = -g**2 + 6*g + 3. Let s be m(6). Suppose -5*r - s*j + 64 = 0, 5 = r - 2*j - 0. Suppose -r = -2*z + 5. What is the units digit of z?
8
Suppose -4*o = 3*w - w - 22, -4*w - 4*o + 28 = 0. Suppose 0 = w*p - 3 - 30. What is the tens digit of p?
1
Let o = 3149 + -1679. What is the units digit of o?
0
Let m(k) = -41*k - 47. What is the units digit of m(-6)?
9
Suppose 3794 = 4*i - 3470. What is the hundreds digit of i?
8
Let s(n) = -n**3 + 2*n + 4. Let v be s(-4). Let c = v + 58. What is the tens digit of c?
1
What is the hundreds digit of (9/72*-10)/(1/(-872))?
0
Let t = 1060 + -609. What is the tens digit of t?
5
Suppose 8 = -3*v - 4*o, 6 = 5*v - 3*o - 0*o. Let s(b) = 6 - 2*b + 3*b - b**3 + 2*b**2 - 3*b**2. What is the units digit of s(v)?
6
Let u(h) = 4*h + 121. What is the units digit of u(-12)?
3
Suppose -3*v + 5*x = -26, 0 = v - 7*x + 4*x - 14. Suppose -v*w + 170 = -20. What is the units digit of w?
5
What is the tens digit of ((-3822)/(-9))/(4/24)?
4
Suppose 8 = 2*k + 2. Suppose -2*v - 74 = -w + 2*v, -192 = -k*w - 3*v. What is the tens digit of w?
6
Let o(v) = 97*v + 1. Let f be o(-1). Let m = 117 - 141. Let l = m - f. What is the units digit of l?
2
Let l(n) = 21*n**2 - 8*n - 34. Let f be l(-8). What is the units digit of f/15 + 1 + 9/(-15)?
2
What is the units digit of (6/9 - -1)*1314?
0
What is the thousands digit of (-8 - 276/(-30))/((-2)/(-1915))?
1
Suppose 6*z + 247 = -7*z. Let v(n) = -n**3 - 16*n**2 